{"id":6430,"date":"2023-03-29T10:12:54","date_gmt":"2023-03-29T10:12:54","guid":{"rendered":"https:\/\/velstana.com\/?post_type=examples&#038;p=6430"},"modified":"2023-03-29T14:16:29","modified_gmt":"2023-03-29T14:16:29","slug":"vacances-a-velo-dans-la-drome-provencale-france","status":"publish","type":"examples","link":"https:\/\/velstana.com\/fr\/examples\/vacances-a-velo-dans-la-drome-provencale-france\/","title":{"rendered":"Vacances \u00e0 v\u00e9lo dans la Dr\u00f4me Proven\u00e7ale, France"},"content":{"rendered":"\n<div class=\"wp-block-cover alignfull is-light\"><span aria-hidden=\"true\" class=\"wp-block-cover__background has-background-dim-0 has-background-dim\"><\/span><img loading=\"lazy\" decoding=\"async\" width=\"2400\" height=\"1600\" class=\"wp-block-cover__image-background wp-image-6322\" alt=\"Lavender field, Dr\u00f4me, Provence, France\" src=\"https:\/\/velstana.com\/wp-content\/uploads\/Drome.jpg\" data-object-fit=\"cover\" srcset=\"https:\/\/velstana.com\/wp-content\/uploads\/Drome.jpg 2400w, https:\/\/velstana.com\/wp-content\/uploads\/Drome-1125x750.jpg 1125w, https:\/\/velstana.com\/wp-content\/uploads\/Drome-1536x1024.jpg 1536w, https:\/\/velstana.com\/wp-content\/uploads\/Drome-768x512.jpg 768w, https:\/\/velstana.com\/wp-content\/uploads\/Drome-2048x1365.jpg 2048w\" sizes=\"auto, (max-width: 2400px) 100vw, 2400px\" \/><div class=\"wp-block-cover__inner-container is-layout-flow wp-block-cover-is-layout-flow\">\n<p class=\"has-text-align-center has-large-font-size\"><\/p>\n<\/div><\/div>\n\n<p><\/p>\n\n<p><strong>Deux couples d&rsquo;amis souhaitent d\u00e9couvrir la Dr\u00f4me proven\u00e7ale \u00e0 v\u00e9lo. Velstana a con\u00e7u un voyage sur mesure de 8 jours entre vignobles, monuments historiques et villages perch\u00e9s.<\/strong><\/p>\n\n<h2 class=\"wp-block-heading\" id=\"the-call\">Le rendez-vous<\/h2>\n\n<p>A l\u2019heure dite, Stanislas nous a appel\u00e9s et nous avons construit ensemble notre circuit en un peu plus d\u2019une demi-heure. Il nous a pos\u00e9 les bonnes questions tout en nous laissant exprimer nos envies, nous avions d\u00e9j\u00e0 l\u2019impression d\u2019y \u00eatre !<\/p>\n\n<p>Nous avons donc souhait\u00e9 partir <strong>fin juin pour une dur\u00e9e de 8 jours avec des \u00e9tapes de l\u2019ordre de 50 \u00e0 60 km\/jour<\/strong> en fonction du type de terrain, plus ou moins vallonn\u00e9.<\/p>\n\n<p>Nous avons demand\u00e9 \u00e0 Velstana d\u2019orienter notre parcours sur deux th\u00e8mes, <strong>les monuments historiques et la d\u00e9couverte des vins, la culture et la viticulture en somme !<\/strong><\/p>\n\n<p>Stanislas nous a conseill\u00e9 un circuit en boucle en restant deux jours au m\u00eame endroit \u00e0 deux occasions pour changer un peu de rythme, ce qui nous a paru \u00eatre une tr\u00e8s bonne id\u00e9e.<\/p>\n\n<p>Pour l\u2019h\u00e9bergement, \u00e9tant tr\u00e8s \u00e0 cheval sur la literie, nous avons souhait\u00e9 du haut de gamme en chambre d\u2019h\u00f4tes ou h\u00f4tels de charme.<\/p>\n\n<p>Pour le d\u00eener, \u00e9tant tous de bons vivants qui appr\u00e9cient les produits du terroir, nous avons privil\u00e9gi\u00e9 la qualit\u00e9 et l\u2019ambiance des tables d&rsquo;h\u00f4tes tout en imaginant aussi pouvoir d\u00eener en ville en suivant les recommandations de Velstana. Et, en prime, nous avons opt\u00e9 pour un d\u00eener gastronomique d\u2019exception en fin de parcours.<\/p>\n\n<p>Nous avons aussi eu envie d\u2019une journ\u00e9e diff\u00e9rente et in\u00e9dite en milieu de voyage. Nous nous sommes donc laiss\u00e9s tenter par une demi journ\u00e9e de via ferrata avec un guide, ce que nous n\u2019avions jamais fait !<\/p>\n<style>.kb-gallery-id-_e630c6-bb .kadence-blocks-gallery-item .kb-gal-image-radius, .kb-gallery-id-_e630c6-bb .kb-slide-item .kb-gal-image-radius img{border-radius:0px 0px 0px 0px;;}.kb-gallery-wrap-id-_e630c6-bb.wp-block-kadence-advancedgallery{overflow:visible;}.kb-gallery-wrap-id-_e630c6-bb.wp-block-kadence-advancedgallery .kt-blocks-carousel{overflow:visible;}<\/style><div class=\"kb-gallery-wrap-id-_e630c6-bb alignnone wp-block-kadence-advancedgallery\"><div class=\"kb-gallery-ul kb-gallery-non-static kb-gallery-type-slider kb-gallery-id-_e630c6-bb kb-gallery-caption-style-bottom-hover kb-gallery-filter-none\" data-image-filter=\"none\" data-lightbox-caption=\"true\"><div class=\"kt-blocks-carousel splide kt-carousel-container-dotstyle-dark kt-carousel-arrowstyle-whiteondark kt-carousel-dotstyle-dark kb-slider-group-arrow kb-slider-arrow-position-center\" data-slider-anim-speed=\"400\" data-slider-scroll=\"1\" data-slider-arrows=\"true\" data-slider-fade=\"true\" data-slider-dots=\"true\" data-slider-type=\"slider\" data-slider-hover-pause=\"false\" data-slider-auto=\"\" data-slider-speed=\"7000\" data-show-pause-button=\"false\"><div class=\"splide__track\"><ul class=\"kt-blocks-carousel-init kb-blocks-slider splide__list\"><li class=\"kb-slide-item kb-gallery-slide-item splide__slide\"><div class=\"kadence-blocks-gallery-item\"><div class=\"kadence-blocks-gallery-item-inner\"><figure class=\"kb-gallery-figure kadence-blocks-gallery-item-hide-caption\"><div class=\"kb-gal-image-radius\"><div class=\"kb-gallery-image-contain kadence-blocks-gallery-intrinsic kb-gallery-image-ratio-land21 kb-has-image-ratio-land21\" ><img loading=\"lazy\" decoding=\"async\" src=\"https:\/\/velstana.com\/wp-content\/uploads\/drome-1.jpg\" width=\"1024\" height=\"512\" alt=\"Panorama of Dr\u00f4me Proven\u00e7ale, France\" data-full-image=\"https:\/\/velstana.com\/wp-content\/uploads\/drome-1.jpg\" data-light-image=\"https:\/\/velstana.com\/wp-content\/uploads\/drome-1.jpg\" data-id=\"6450\" class=\"wp-image-6450 skip-lazy\" srcset=\"https:\/\/velstana.com\/wp-content\/uploads\/drome-1.jpg 1024w, https:\/\/velstana.com\/wp-content\/uploads\/drome-1-768x384.jpg 768w\" sizes=\"auto, (max-width: 1024px) 100vw, 1024px\" \/><\/div><\/div><\/figure><\/div><\/div><\/li><li class=\"kb-slide-item kb-gallery-slide-item splide__slide\"><div class=\"kadence-blocks-gallery-item\"><div class=\"kadence-blocks-gallery-item-inner\"><figure class=\"kb-gallery-figure kadence-blocks-gallery-item-hide-caption\"><div class=\"kb-gal-image-radius\"><div class=\"kb-gallery-image-contain kadence-blocks-gallery-intrinsic kb-gallery-image-ratio-land21 kb-has-image-ratio-land21\" ><img loading=\"lazy\" decoding=\"async\" src=\"https:\/\/velstana.com\/wp-content\/uploads\/Drome-9-1600x533.jpg\" width=\"640\" height=\"213\" alt=\"The lavender field in the Dr\u00f4me Proven\u00e7ale, France\" data-full-image=\"https:\/\/velstana.com\/wp-content\/uploads\/Drome-9.jpg\" data-light-image=\"https:\/\/velstana.com\/wp-content\/uploads\/Drome-9.jpg\" data-id=\"6458\" class=\"wp-image-6458 skip-lazy\" srcset=\"https:\/\/velstana.com\/wp-content\/uploads\/Drome-9-1600x533.jpg 1600w, https:\/\/velstana.com\/wp-content\/uploads\/Drome-9-1200x400.jpg 1200w, https:\/\/velstana.com\/wp-content\/uploads\/Drome-9-768x256.jpg 768w, https:\/\/velstana.com\/wp-content\/uploads\/Drome-9-1536x512.jpg 1536w, https:\/\/velstana.com\/wp-content\/uploads\/Drome-9-2048x683.jpg 2048w\" sizes=\"auto, (max-width: 640px) 100vw, 640px\" \/><\/div><\/div><\/figure><\/div><\/div><\/li><li class=\"kb-slide-item kb-gallery-slide-item splide__slide\"><div class=\"kadence-blocks-gallery-item\"><div class=\"kadence-blocks-gallery-item-inner\"><figure class=\"kb-gallery-figure kadence-blocks-gallery-item-hide-caption\"><div class=\"kb-gal-image-radius\"><div class=\"kb-gallery-image-contain kadence-blocks-gallery-intrinsic kb-gallery-image-ratio-land21 kb-has-image-ratio-land21\" ><img loading=\"lazy\" decoding=\"async\" src=\"https:\/\/velstana.com\/wp-content\/uploads\/Drome-6-1600x851.jpeg\" width=\"640\" height=\"340\" alt=\"Nyons, Dr\u00f4me, France\" data-full-image=\"https:\/\/velstana.com\/wp-content\/uploads\/Drome-6.jpeg\" data-light-image=\"https:\/\/velstana.com\/wp-content\/uploads\/Drome-6.jpeg\" data-id=\"6446\" class=\"wp-image-6446 skip-lazy\" srcset=\"https:\/\/velstana.com\/wp-content\/uploads\/Drome-6-1600x851.jpeg 1600w, https:\/\/velstana.com\/wp-content\/uploads\/Drome-6-1200x638.jpeg 1200w, https:\/\/velstana.com\/wp-content\/uploads\/Drome-6-768x408.jpeg 768w, https:\/\/velstana.com\/wp-content\/uploads\/Drome-6-1536x817.jpeg 1536w, https:\/\/velstana.com\/wp-content\/uploads\/Drome-6-2048x1089.jpeg 2048w\" sizes=\"auto, (max-width: 640px) 100vw, 640px\" \/><\/div><\/div><\/figure><\/div><\/div><\/li><\/ul><\/div><\/div><\/div><\/div>\n<h2 class=\"wp-block-heading\" id=\"the-reservation\">La r\u00e9servation<\/h2>\n\n<p>La semaine suivante, nous avons re\u00e7u par e-mail le descriptif avec le prix. Cela correspondait bien \u00e0 notre \u00e9change et apr\u00e8s avoir eu une pr\u00e9cision sur le restaurant gastronomique, nous avons valid\u00e9 le devis et pay\u00e9 l&rsquo;acompte\u2026 et nous voil\u00e0 partis !<\/p>\n\n<h2 class=\"wp-block-heading\" id=\"the-preparations\">Les pr\u00e9paratifs<\/h2>\n\n<p>Deux semaines avant le d\u00e9part, nous avons re\u00e7u par e-mail un carnet de voyage d\u00e9taillant l\u2019itin\u00e9raire complet et comprenant de nombreux autres \u00e9l\u00e9ments, tels que des conseils pratiques, des suggestions de restaurants.<\/p>\n\n<p>Un lien re\u00e7u par e-mail nous permet d&rsquo;avoir le parcours sur notre smartphone.<\/p>\n\n<figure class=\"wp-block-image size-large\"><img loading=\"lazy\" decoding=\"async\" width=\"1539\" height=\"1024\" src=\"https:\/\/velstana.com\/wp-content\/uploads\/\/Drome-4-1539x1024.jpeg\" alt=\"Vignoble dans la r&#xE9;gion du Ventoux, France\" class=\"wp-image-6466\" srcset=\"https:\/\/velstana.com\/wp-content\/uploads\/Drome-4-1539x1024.jpeg 1539w, https:\/\/velstana.com\/wp-content\/uploads\/Drome-4-1127x750.jpeg 1127w, https:\/\/velstana.com\/wp-content\/uploads\/Drome-4-768x511.jpeg 768w, https:\/\/velstana.com\/wp-content\/uploads\/Drome-4-1536x1022.jpeg 1536w, https:\/\/velstana.com\/wp-content\/uploads\/Drome-4-2048x1363.jpeg 2048w\" sizes=\"auto, (max-width: 1539px) 100vw, 1539px\" \/><figcaption class=\"wp-element-caption\">Vignoble dans la r\u00e9gion du Ventoux, France<\/figcaption><\/figure>\n","protected":false},"excerpt":{"rendered":"<p>Deux couples d&rsquo;amis souhaitent d\u00e9couvrir la Dr\u00f4me proven\u00e7ale \u00e0 v\u00e9lo. Velstana a con\u00e7u un voyage sur mesure de 8 jours entre vignobles, monuments historiques et villages perch\u00e9s.<\/p>\n","protected":false},"featured_media":6323,"template":"","meta":{"_acf_changed":false,"footnotes":""},"categories":[],"class_list":["post-6430","examples","type-examples","status-publish","has-post-thumbnail","hentry"],"acf":[],"_links":{"self":[{"href":"https:\/\/velstana.com\/fr\/wp-json\/wp\/v2\/examples\/6430","targetHints":{"allow":["GET"]}}],"collection":[{"href":"https:\/\/velstana.com\/fr\/wp-json\/wp\/v2\/examples"}],"about":[{"href":"https:\/\/velstana.com\/fr\/wp-json\/wp\/v2\/types\/examples"}],"version-history":[{"count":0,"href":"https:\/\/velstana.com\/fr\/wp-json\/wp\/v2\/examples\/6430\/revisions"}],"wp:featuredmedia":[{"embeddable":true,"href":"https:\/\/velstana.com\/fr\/wp-json\/wp\/v2\/media\/6323"}],"wp:attachment":[{"href":"https:\/\/velstana.com\/fr\/wp-json\/wp\/v2\/media?parent=6430"}],"wp:term":[{"taxonomy":"category","embeddable":true,"href":"https:\/\/velstana.com\/fr\/wp-json\/wp\/v2\/categories?post=6430"}],"curies":[{"name":"wp","href":"https:\/\/api.w.org\/{rel}","templated":true}]}}

Vacances à vélo dans la Drôme Provençale, France

<div class="wp-block-cover alignfull is-light"><span aria-hidden="true" class="wp-block-cover__background has-background-dim-0 has-background-dim"></span><img loading="lazy" decoding="async" width="2400" height="1600" class="wp-block-cover__image-background wp-image-6322" alt="Lavender field, Drôme, Provence, France" src="https://velstana.com/wp-content/uploads/Drome.jpg" data-object-fit="cover" srcset="https://velstana.com/wp-content/uploads/Drome.jpg 2400w, https://velstana.com/wp-content/uploads/Drome-1125x750.jpg 1125w, https://velstana.com/wp-content/uploads/Drome-1536x1024.jpg 1536w, https://velstana.com/wp-content/uploads/Drome-768x512.jpg 768w, https://velstana.com/wp-content/uploads/Drome-2048x1365.jpg 2048w" sizes="auto, (max-width: 2400px) 100vw, 2400px" /><div class="wp-block-cover__inner-container is-layout-flow wp-block-cover-is-layout-flow">
<p class="has-text-align-center has-large-font-size"></p>
</div></div>

<p></p>

<p><strong>Deux couples d&rsquo;amis souhaitent découvrir la Drôme provençale à vélo. Velstana a conçu un voyage sur mesure de 8 jours entre vignobles, monuments historiques et villages perchés.</strong></p>

<h2 class="wp-block-heading" id="the-call">Le rendez-vous</h2>

<p>A l’heure dite, Stanislas nous a appelés et nous avons construit ensemble notre circuit en un peu plus d’une demi-heure. Il nous a posé les bonnes questions tout en nous laissant exprimer nos envies, nous avions déjà l’impression d’y être !</p>

<p>Nous avons donc souhaité partir <strong>fin juin pour une durée de 8 jours avec des étapes de l’ordre de 50 à 60 km/jour</strong> en fonction du type de terrain, plus ou moins vallonné.</p>

<p>Nous avons demandé à Velstana d’orienter notre parcours sur deux thèmes, <strong>les monuments historiques et la découverte des vins, la culture et la viticulture en somme !</strong></p>

<p>Stanislas nous a conseillé un circuit en boucle en restant deux jours au même endroit à deux occasions pour changer un peu de rythme, ce qui nous a paru être une très bonne idée.</p>

<p>Pour l’hébergement, étant très à cheval sur la literie, nous avons souhaité du haut de gamme en chambre d’hôtes ou hôtels de charme.</p>

<p>Pour le dîner, étant tous de bons vivants qui apprécient les produits du terroir, nous avons privilégié la qualité et l’ambiance des tables d&rsquo;hôtes tout en imaginant aussi pouvoir dîner en ville en suivant les recommandations de Velstana. Et, en prime, nous avons opté pour un dîner gastronomique d’exception en fin de parcours.</p>

<p>Nous avons aussi eu envie d’une journée différente et inédite en milieu de voyage. Nous nous sommes donc laissés tenter par une demi journée de via ferrata avec un guide, ce que nous n’avions jamais fait !</p>
<style>.kb-gallery-id-_e630c6-bb .kadence-blocks-gallery-item .kb-gal-image-radius, .kb-gallery-id-_e630c6-bb .kb-slide-item .kb-gal-image-radius img{border-radius:0px 0px 0px 0px;;}.kb-gallery-wrap-id-_e630c6-bb.wp-block-kadence-advancedgallery{overflow:visible;}.kb-gallery-wrap-id-_e630c6-bb.wp-block-kadence-advancedgallery .kt-blocks-carousel{overflow:visible;}</style><div class="kb-gallery-wrap-id-_e630c6-bb alignnone wp-block-kadence-advancedgallery"><div class="kb-gallery-ul kb-gallery-non-static kb-gallery-type-slider kb-gallery-id-_e630c6-bb kb-gallery-caption-style-bottom-hover kb-gallery-filter-none" data-image-filter="none" data-lightbox-caption="true"><div class="kt-blocks-carousel splide kt-carousel-container-dotstyle-dark kt-carousel-arrowstyle-whiteondark kt-carousel-dotstyle-dark kb-slider-group-arrow kb-slider-arrow-position-center" data-slider-anim-speed="400" data-slider-scroll="1" data-slider-arrows="true" data-slider-fade="true" data-slider-dots="true" data-slider-type="slider" data-slider-hover-pause="false" data-slider-auto="" data-slider-speed="7000" data-show-pause-button="false"><div class="splide__track"><ul class="kt-blocks-carousel-init kb-blocks-slider splide__list"><li class="kb-slide-item kb-gallery-slide-item splide__slide"><div class="kadence-blocks-gallery-item"><div class="kadence-blocks-gallery-item-inner"><figure class="kb-gallery-figure kadence-blocks-gallery-item-hide-caption"><div class="kb-gal-image-radius"><div class="kb-gallery-image-contain kadence-blocks-gallery-intrinsic kb-gallery-image-ratio-land21 kb-has-image-ratio-land21" ><img loading="lazy" decoding="async" src="https://velstana.com/wp-content/uploads/drome-1.jpg" width="1024" height="512" alt="Panorama of Drôme Provençale, France" data-full-image="https://velstana.com/wp-content/uploads/drome-1.jpg" data-light-image="https://velstana.com/wp-content/uploads/drome-1.jpg" data-id="6450" class="wp-image-6450 skip-lazy" srcset="https://velstana.com/wp-content/uploads/drome-1.jpg 1024w, https://velstana.com/wp-content/uploads/drome-1-768x384.jpg 768w" sizes="auto, (max-width: 1024px) 100vw, 1024px" /></div></div></figure></div></div></li><li class="kb-slide-item kb-gallery-slide-item splide__slide"><div class="kadence-blocks-gallery-item"><div class="kadence-blocks-gallery-item-inner"><figure class="kb-gallery-figure kadence-blocks-gallery-item-hide-caption"><div class="kb-gal-image-radius"><div class="kb-gallery-image-contain kadence-blocks-gallery-intrinsic kb-gallery-image-ratio-land21 kb-has-image-ratio-land21" ><img loading="lazy" decoding="async" src="https://velstana.com/wp-content/uploads/Drome-9-1600x533.jpg" width="640" height="213" alt="The lavender field in the Drôme Provençale, France" data-full-image="https://velstana.com/wp-content/uploads/Drome-9.jpg" data-light-image="https://velstana.com/wp-content/uploads/Drome-9.jpg" data-id="6458" class="wp-image-6458 skip-lazy" srcset="https://velstana.com/wp-content/uploads/Drome-9-1600x533.jpg 1600w, https://velstana.com/wp-content/uploads/Drome-9-1200x400.jpg 1200w, https://velstana.com/wp-content/uploads/Drome-9-768x256.jpg 768w, https://velstana.com/wp-content/uploads/Drome-9-1536x512.jpg 1536w, https://velstana.com/wp-content/uploads/Drome-9-2048x683.jpg 2048w" sizes="auto, (max-width: 640px) 100vw, 640px" /></div></div></figure></div></div></li><li class="kb-slide-item kb-gallery-slide-item splide__slide"><div class="kadence-blocks-gallery-item"><div class="kadence-blocks-gallery-item-inner"><figure class="kb-gallery-figure kadence-blocks-gallery-item-hide-caption"><div class="kb-gal-image-radius"><div class="kb-gallery-image-contain kadence-blocks-gallery-intrinsic kb-gallery-image-ratio-land21 kb-has-image-ratio-land21" ><img loading="lazy" decoding="async" src="https://velstana.com/wp-content/uploads/Drome-6-1600x851.jpeg" width="640" height="340" alt="Nyons, Drôme, France" data-full-image="https://velstana.com/wp-content/uploads/Drome-6.jpeg" data-light-image="https://velstana.com/wp-content/uploads/Drome-6.jpeg" data-id="6446" class="wp-image-6446 skip-lazy" srcset="https://velstana.com/wp-content/uploads/Drome-6-1600x851.jpeg 1600w, https://velstana.com/wp-content/uploads/Drome-6-1200x638.jpeg 1200w, https://velstana.com/wp-content/uploads/Drome-6-768x408.jpeg 768w, https://velstana.com/wp-content/uploads/Drome-6-1536x817.jpeg 1536w, https://velstana.com/wp-content/uploads/Drome-6-2048x1089.jpeg 2048w" sizes="auto, (max-width: 640px) 100vw, 640px" /></div></div></figure></div></div></li></ul></div></div></div></div>
<h2 class="wp-block-heading" id="the-reservation">La réservation</h2>

<p>La semaine suivante, nous avons reçu par e-mail le descriptif avec le prix. Cela correspondait bien à notre échange et après avoir eu une précision sur le restaurant gastronomique, nous avons validé le devis et payé l&rsquo;acompte… et nous voilà partis !</p>

<h2 class="wp-block-heading" id="the-preparations">Les préparatifs</h2>

<p>Deux semaines avant le départ, nous avons reçu par e-mail un carnet de voyage détaillant l’itinéraire complet et comprenant de nombreux autres éléments, tels que des conseils pratiques, des suggestions de restaurants.</p>

<p>Un lien reçu par e-mail nous permet d&rsquo;avoir le parcours sur notre smartphone.</p>

<figure class="wp-block-image size-large"><img loading="lazy" decoding="async" width="1539" height="1024" src="https://velstana.com/wp-content/uploads//Drome-4-1539x1024.jpeg" alt="Vignoble dans la r&#xE9;gion du Ventoux, France" class="wp-image-6466" srcset="https://velstana.com/wp-content/uploads/Drome-4-1539x1024.jpeg 1539w, https://velstana.com/wp-content/uploads/Drome-4-1127x750.jpeg 1127w, https://velstana.com/wp-content/uploads/Drome-4-768x511.jpeg 768w, https://velstana.com/wp-content/uploads/Drome-4-1536x1022.jpeg 1536w, https://velstana.com/wp-content/uploads/Drome-4-2048x1363.jpeg 2048w" sizes="auto, (max-width: 1539px) 100vw, 1539px" /><figcaption class="wp-element-caption">Vignoble dans la région du Ventoux, France</figcaption></figure>

<p>Deux couples d&rsquo;amis souhaitent découvrir la Drôme provençale à vélo. Velstana a conçu un voyage sur mesure de 8 jours entre vignobles, monuments historiques et villages perchés.</p>
